 What is the units digit of l?
6
Suppose 21*l - 366 = 117. What is the units digit of l?
3
Suppose 8*r - 22 = 6*r. What is the tens digit of r?
1
Suppose -112 = 6*t - 2*t. What is the tens digit of t/(-1)*3/6?
1
Let v(z) be the second derivative of -z**4/8 - z**3 - z**2/2 + z. Let d(w) be the first derivative of v(w). What is the units digit of d(-4)?
6
Suppose 0*r + 5*r = 0. Suppose r*h = h - 9. What is the units digit of h?
9
Let d(c) = 9*c**2 + 5*c - 30. What is the units digit of d(-5)?
0
Let c be (-3)/(-2) - (-94)/4. What is the units digit of 60/c*(-20)/(-3)?
6
Let s(y) = -3*y + 4. Let f be s(-5). Suppose -3*x + 95 = -f. What is the tens digit of x?
3
Let x = -19 - -34. What is the tens digit of x?
1
Let i(t) be the first derivative of -3*t**4/4 - 7*t**2/2 - 1. Let y(d) = 2*d**3 - d**2 + 7*d. Let h(n) = -3*i(n) - 4*y(n). What is the tens digit of h(-5)?
1
Let u(q) = -q**2 + 15*q + 17. Let x be u(16). What is the tens digit of x/(-2 + (-65)/(-32))?
3
Suppose 0 = 5*n - n - 76. What is the tens digit of n?
1
Let q = -7 + 18. Suppose -3*k + 2*j = -q - 4, 3*j + 25 = 5*k. What is the units digit of k?
5
Suppose -117 - 39 = -4*y. What is the units digit of y?
9
Let u(m) = 5*m**2 + m + 1. Let z be u(-1). Suppose -4*h + 2*s + 24 = -0*s, -3*h = -z*s - 25. What is the units digit of h?
5
Suppose 6 = -3*t, 3*t + 16 = 3*l + 7*t. Suppose -2*f + l + 14 = 0. What is the units digit of f?
1
Suppose -n + 14 = -2*m, -3*n + 44 = -0*n - 5*m. What is the units digit of 58/n + (-2)/9?
3
Let t(d) be the first derivative of -d**4/4 - 8*d**3/3 + 11*d**2/2 - 2*d + 3. Let j be t(-9). What is the tens digit of 9*-2*j/30?
1
What is the tens digit of 2/8 - ((-19050)/(-24))/(-5)?
5
Let n be 4/6 + (-7)/(-21). Let d(q) = 27*q - 1. What is the tens digit of d(n)?
2
What is the units digit of 3/((-12)/13)*-8?
6
Suppose 0 = -4*y + 5*y - 11. Let b = 11 - y. What is the units digit of 5 + 1 - (-2 - b)?
8
Let x(p) = -p**3 + 2*p - 1. Let i be x(-2). Suppose 4*c + 22 = 2*w, -4*c = 2*w - i + 13. Suppose 4*l - 9 = w. What is the units digit of l?
3
What is the tens digit of (-18)/((-3 - 1)/36)?
6
Suppose 0 = d - x - 48, -x - 3 = -2*x. What is the units digit of d?
1
Let l be ((-30)/9)/(4/12). Let t = l - -12. What is the units digit of t?
2
Let p = 70 - 147. Let b = p + 46. Let t = b - -45. What is the units digit of t?
4
What is the units digit of 1/((-690)/231 - -3)?
7
Let s(t) = 5*t**2. Let g be s(-1). Let j be g*(0 - (-108)/15). Let q = j - 20. What is the tens digit of q?
1
Suppose -2*k - 26 = -3*k. What is the units digit of k?
6
Let h(g) = -g**3 - 9*g**2 - 11*g - 8. Let a = -9 - -13. Suppose -2*x + 28 = -a*i - 0*x, 0 = -3*i + 4*x - 16. What is the tens digit of h(i)?
1
Let z(x) = 12*x + 3. Let o(c) = 3*c + 1. Let a(q) = 22*o(q) - 6*z(q). What is the tens digit of a(-4)?
2
Let i = -1 - -6. Let p = 7 - 10. Let x = i + p. What is the units digit of x?
2
Let z = -4 + 12. Suppose -z = g - 3*g. What is the units digit of g?
4
Suppose -6 = -0*w - 3*w, 4*n - 116 = 4*w. What is the tens digit of n?
3
Suppose -2*q = 2 - 6. Let h = 15 - 0. Suppose 7*x - q*x = h. What is the units digit of x?
3
Let l(u) = -4*u**3 - 3*u**2 - 2*u + 1. Let y be l(-2). Let j = y - 12. What is the tens digit of j?
1
What is the units digit of (-6 - -3)*-1 - -16?
9
Let x = 1 - 2. Let p(w) = -3*w**3 + w + 1. What is the units digit of p(x)?
3
Suppose -2*s = z + 4, -5*z - 5*s - 3 = 2. Suppose 5*x = a + 2*x - 16, 0 = z*x. Suppose -a = -4*g + 2*g. What is the units digit of g?
8
What is the units digit of (-3 - 28)*(-2 + 0)?
2
Suppose -2*k + 1 + 27 = 0. What is the tens digit of k?
1
Let s(n) = n**2 - 2*n - 1. Let h be s(-1). Let r(l) = -h*l + 2*l**2 - 12*l**3 + 1 + 3*l - 3*l**2. What is the tens digit of r(-1)?
1
Let v(g) = -6*g - 12. Let n(f) = 4*f + 10. Let y be n(-4). What is the tens digit of v(y)?
2
Suppose -3*s = -2*s - 4. Suppose 0*g = s*g - 48. What is the units digit of g?
2
Suppose -10*t - 34 = -11*t. What is the units digit of t?
4
Suppose -6*c + 23 = -1. What is the units digit of c?
4
What is the units digit of 58/4 + (-2)/(-4)?
5
What is the units digit of 130/8 - 9/36?
6
Let h = -72 - -110. What is the tens digit of h?
3
Let d(t) = t**3 - 5*t**2 - 4*t + 9. What is the tens digit of d(7)?
7
Suppose m + 0*m = 2. Suppose m*j = j + 3. What is the units digit of (-12)/(-9)*j/2?
2
Let m = -14 + 47. What is the units digit of m?
3
Suppose -3*m - 3 = -0. Let x(f) = -15*f**3 - 2*f**2 - 2*f - 1. What is the units digit of x(m)?
4
Suppose -2*g + 2*o + 208 = 0, g + 0*o = 4*o + 107. What is the hundreds digit of g?
1
Suppose i + 255 = 2*r + 4*i, 220 = 2*r - 4*i. What is the units digit of r?
0
Suppose -i - 10 = -2*i. What is the units digit of i/(-20)*(-38 - 0)?
9
Suppose -2*t + 158 = -0*t + 2*v, 2*t = v + 158. What is the units digit of t?
9
Suppose 2*f = -5*p - 3*f + 505, -5*p = -2*f - 505. What is the hundreds digit of p?
1
Suppose -m + 4*t + 3 = t, 5*t - 11 = -m. Let s(v) = 21 + 2*v - 53 + 28. What is the units digit of s(m)?
8
Let a(x) = -x**2 + 18*x - 30. What is the tens digit of a(15)?
1
Suppose 0*w - 2*w = 14. Let k(c) = -c**2 - 9*c - 3. What is the tens digit of k(w)?
1
Let g = -8 - -10. Suppose -17 = -x + g*c + 3*c, 2*x + 2*c + 2 = 0. What is the units digit of x?
2
Suppose 2*g = -n - 1 - 0, 5*n - 23 = 4*g. Let h = -2 + n. Let o = 5 - h. What is the units digit of o?
4
Suppose 0 = 3*u - 6, -3*u + 0*u = -d - 4. Suppose m - 5*g = -15, m = 5*m + d*g - 28. What is the units digit of m?
5
Suppose 2*c = -4*y + 28, 4*c + 2 = 2*y - c. Let l be 1*3*14/y. Suppose l*i - 3*i - 16 = 0. What is the units digit of i?
4
What is the tens digit of 4/10*(227 - (-10)/(-5))?
9
Let u = -3 - -5. Let h be ((-20)/12)/((-2)/6). Suppose 0 = -u*c + c + h. What is the units digit of c?
5
Let h(b) = -3*b - b**2 + 2*b**3 - 3*b**2 - 2 + 3. Let v(s) = 3*s**3 - 3*s**2 - 2*s + 1. Let c(w) = 2*h(w) - 3*v(w). What is the units digit of c(-1)?
5
Suppose 0 = 5*q - 3 + 8. Let t = 16 - q. What is the tens digit of t?
1
What is the units digit of 89 - (-2)/((-2)/3)?
6
Suppose -8 = -v - 30. Let w = 33 + v. What is the tens digit of w?
1
Let u be -3 + 1 + 7 + -8. What is the units digit of (6 + u)*76/6?
8
Let o = 13 + -1. What is the tens digit of o?
1
Let f(j) = -23*j + 9. What is the tens digit of f(-3)?
7
Let k(h) = h**3 + 8*h**2 + 6*h + 1. Let o be k(-6). Suppose 2*i - o = 45. What is the tens digit of i?
4
Let a = 8 - 15. Let t = a - -19. What is the tens digit of t?
1
Suppose -4*w = w - 60. Let m = -8 + w. Let y(v) = v - 1. What is the units digit of y(m)?
3
Let c(q) = q + 7. Let h be c(5). Suppose -j + 2 = -y, 0*j = -2*y - 4*j - 10. Let t = y + h. What is the units digit of t?
9
Suppose -3*b + 6 = -159. What is the units digit of b?
5
Let k(d) = 3*d + 2. Let g(i) = i + 3. Let a be g(0). What is the tens digit of k(a)?
1
Let m(o) = o**2 - 6*o - 2. Let r be m(7). Suppose -r*u = 2*t + 25, -2*t - u - 2*u = 15. Let h = 2 + t. What is the units digit of h?
2
Suppose -3*h = 3*d - 24, h - 6*h = 2*d - 49. What is the units digit of h?
1
Let f(g) = -g**3 - 5*g**2 + 3*g + 12. What is the tens digit of f(-7)?
8
Let u = -25 + 11. Let b = -5 - -14. What is the units digit of b/6 - u/4?
5
Let s(t) be the first derivative of t**3/3 - 3*t**2/2 - 6*t - 1. Let u be s(5). Suppose 11 = -u*j + 47. What is the units digit of j?
9
Let x(n) = -2*n + 2. Let a be x(2). What is the units digit of 0/a + 7 + 0?
7
What is the tens digit of (464/36*-3)/(2/(-3))?
5
Suppose 0 = -3*p + 3*h - 6, 3*h - 7*h + 5 = -5*p. Suppose -4*g + p*a + 50 = 8*a, 5*g - 60 = -5*a. What is the units digit of g?
0
Let m = -12 + 6. Let b = m - -4. What is the units digit of (2 - 0 - -7) + b?
7
Suppose 6*k - 215 = 2*k + 3*q, 2*k - 115 = -q. What is the units digit of k?
6
Let o = -5 + 9. Suppose -o*j + 2*j = -74. What is the tens digit of j?
3
Let k(v) = -v**3 - 2*v**2 - 4*v - 3. Let h be k(-2). Suppose -h*d + 35 = -2*m, d + 28 = 5*d - 4*m. What is the units digit of d?
7
Let w be 38/14 - (-4)/14. Suppose 2*v - 60 = -3*v. Suppose -5*s + w = -v. What is the units digit of s?
3
Suppose 5*g - 44 = g. Let r = -3 + g. What is the units digit of r?
8
Suppose 4*z - 7 - 5 = 0. Suppose 3*y - 24 = -2*x - 5, -38 = -5*y + z*x. What is the units digit of y?
7
Let m(b) = 2*b + 16. Let l be (24/16)/(